{"id":62,"date":"2023-07-26T13:13:08","date_gmt":"2023-07-26T11:13:08","guid":{"rendered":"https:\/\/schallware-ultrasound-simulator.de\/simulationstage\/?page_id=62"},"modified":"2024-01-21T19:09:33","modified_gmt":"2024-01-21T18:09:33","slug":"paediatrie-winter-berlin","status":"publish","type":"page","link":"https:\/\/schallware-ultrasound-simulator.de\/simulationstage\/paediatrie-winter-berlin\/","title":{"rendered":"P\u00e4diatrie"},"content":{"rendered":"\n<div class=\"wp-block-columns has-background is-layout-flex wp-container-core-columns-is-layout-9d6595d7 wp-block-columns-is-layout-flex\" style=\"background-color:#0537474d\">\n<div class=\"wp-block-column is-vertically-aligned-center is-layout-flow wp-block-column-is-layout-flow\" style=\"flex-basis:100%\">\n<h3 class=\"wp-block-heading\"><strong>Wissenschaftliche Leitung:<\/strong><\/h3>\n\n\n\n<p>Dr. med. habil. Eberhard Leidig<br>Arzt f\u00fcr Kinder- und Jugendmedizin, DEGUM Stufe III, Rottenburg<br><\/p>\n<\/div>\n<\/div>\n\n\n\n<h2 class=\"wp-block-heading\">Beschreibung<\/h2>\n\n\n\n<p>Die Veranstaltung richtet sich an P\u00e4diater*innen und p\u00e4d. Radiolog*innen.<br>Die Teilnehmer*innen arbeiten an Ultraschall-Simulatoren mit Neugeborenenpuppen.<br>Sonographische Untersuchungen im Rahmen der Aus- und Weiterbildung in der P\u00e4diatrie werden f\u00fcr alle Anwendungsbereiche aus unterschiedlichen Gr\u00fcnden immer mehr erschwert.<br>Als neue M\u00f6glichkeit f\u00fcr die praktischen \u00dcbungen auf den Stationen bzw. im Neugeborenenzimmer haben sich neue Simulatoren speziell f\u00fcr Neugeborene und S\u00e4uglinge der Firma SCHALLWARE erwiesen. Seit 2021 wurden damit von SONOKOLLEG die praktischen \u00dcbungen in mehreren DEGUM- bzw. KV- zertifizierten Kursen f\u00fcr die Anwendungsbereiche \u201eS\u00e4uglingsh\u00fcfte\u201c und \u201eGehirn-R\u00fcckenmark\u201c erfolgreich durchgef\u00fchrt. Die Teilnehmenden bewerteten das Arbeiten mit den Ger\u00e4ten und an den Puppen als spannend, bildtechnisch sehr gut sowie als \u00e4u\u00dferst geeignete Alternative zu den Untersuchungen an lebenden Kindern. Hervorgehoben wurde auch der Vorteil der entspannten Untersuchungssituation, die es erlaubt, sich ohne \u201eSt\u00f6rungen\u201c auf die Einstellungen und die Bildstrukturen konzentrieren zu k\u00f6nnen!<\/p>\n\n\n\n<h2 class=\"wp-block-heading\">Zeitplan<\/h2>\n\n\n\n<div class=\"wp-block-columns is-layout-flex wp-container-core-columns-is-layout-9d6595d7 wp-block-columns-is-layout-flex\">\n<div class=\"wp-block-column has-white-color has-text-color has-background is-layout-flow wp-block-column-is-layout-flow\" style=\"background-color:#0537479c\">\n<h3 class=\"wp-block-heading has-text-align-center has-white-color has-text-color\">Tag 1<\/h3>\n\n\n\n<div class=\"wp-block-columns is-layout-flex wp-container-core-columns-is-layout-9d6595d7 wp-block-columns-is-layout-flex\">\n<div class=\"wp-block-column is-layout-flow wp-block-column-is-layout-flow\" style=\"flex-basis:100%\">\n<p>8:30-9:30 Einf\u00fchrung in die Simulationstechnik Gehirn Sonomorphologie des Gehirns  (interaktiv am Simulator)<br>Pause<br>9:45-12:00 \u00dcbungen am Simulator<br>Mittagspause<br>12:45-13:15 Einf\u00fchrung in die<br>Simulationstechnik R\u00fcckenmark<br>Sonomorphologie des R\u00fcckenmarks<br>(interaktiv am Simulator)<br>13:15-14:30 \u00dcbungen am Simulator<\/p>\n\n\n\n<p><\/p>\n<\/div>\n<\/div>\n<\/div>\n\n\n\n<div class=\"wp-block-column has-white-color has-text-color has-background is-layout-flow wp-block-column-is-layout-flow\" style=\"background-color:#053747e6\">\n<h3 class=\"wp-block-heading has-text-align-center has-white-color has-text-color\">Tag 2<\/h3>\n\n\n\n<div class=\"wp-block-columns is-layout-flex wp-container-core-columns-is-layout-9d6595d7 wp-block-columns-is-layout-flex\">\n<div class=\"wp-block-column is-layout-flow wp-block-column-is-layout-flow\" style=\"flex-basis:2%\"><\/div>\n\n\n\n<div class=\"wp-block-column is-layout-flow wp-block-column-is-layout-flow\">\n<p>8:00-9:30 Einf\u00fchrung in die Simulationstechnik S\u00e4uglingsh\u00fcfte Sonomorphologie der S\u00e4uglingsh\u00fcfte (interaktiv am Simulator), Messfunktion, Anwendung<br>Pause<br>9:45-12:15 \u00dcbungen am Simulator<br>Mittagspause<br>13:00-14:30 \u00dcbungen Gehirn, R\u00fcckenmark, S\u00e4uglingsh\u00fcfte, Abdomen<br>Lernkontrolle, Diskussion<\/p>\n<\/div>\n\n\n\n<div class=\"wp-block-column is-layout-flow wp-block-column-is-layout-flow\" style=\"flex-basis:2%\"><\/div>\n<\/div>\n<\/div>\n<\/div>\n\n\n\n<div style=\"height:25px\" aria-hidden=\"true\" class=\"wp-block-spacer\"><\/div>\n\n\n\n<div class=\"wp-block-columns is-layout-flex wp-container-core-columns-is-layout-9d6595d7 wp-block-columns-is-layout-flex\">\n<div class=\"wp-block-column is-layout-flow wp-block-column-is-layout-flow\">\n<h2 class=\"wp-block-heading\">Preis<\/h2>\n\n\n\n<p>756\u20ac inkl. Mw.St.<\/p>\n<\/div>\n\n\n\n<div class=\"wp-block-column is-vertically-aligned-center is-layout-flow wp-block-column-is-layout-flow\">\n<div class=\"wp-block-buttons is-content-justification-right is-layout-flex wp-container-core-buttons-is-layout-765c4724 wp-block-buttons-is-layout-flex\">\n<div class=\"wp-block-button has-custom-font-size is-style-outline has-small-font-size is-style-outline--1\"><a class=\"wp-block-button__link wp-element-button\" href=\"https:\/\/www.schallware.de\/rental\/824\/flyer.pdf\" target=\"_blank\" rel=\"noreferrer noopener\">Flyer zum Download<\/a><\/div>\n<\/div>\n<\/div>\n<\/div>\n\n\n\n<div class=\"wp-block-buttons is-content-justification-center is-layout-flex wp-container-core-buttons-is-layout-16018d1d wp-block-buttons-is-layout-flex\">\n<div class=\"wp-block-button has-custom-font-size has-medium-font-size\"><a class=\"wp-block-button__link has-white-color has-text-color has-background wp-element-button\" href=\"https:\/\/www.schallware.de\/rental\/824\" style=\"background-color:#053647\" target=\"_blank\" rel=\"noreferrer noopener\">Anmeldung<\/a><\/div>\n<\/div>\n","protected":false},"excerpt":{"rendered":"<p>Wissenschaftliche Leitung: Dr. med. habil. Eberhard LeidigArzt f\u00fcr Kinder- und Jugendmedizin, DEGUM Stufe III, Rottenburg Beschreibung Die Veranstaltung richtet sich an P\u00e4diater*innen und p\u00e4d. Radiolog*innen.Die Teilnehmer*innen arbeiten an Ultraschall-Simulatoren mit Neugeborenenpuppen.Sonographische Untersuchungen im Rahmen der Aus- und Weiterbildung in der P\u00e4diatrie werden f\u00fcr alle Anwendungsbereiche aus unterschiedlichen Gr\u00fcnden immer mehr erschwert.Als neue M\u00f6glichkeit f\u00fcr die praktischen \u00dcbungen auf den Stationen bzw. im Neugeborenenzimmer haben sich neue Simulatoren speziell f\u00fcr Neugeborene und S\u00e4uglinge der Firma SCHALLWARE erwiesen. Seit 2021 wurden damit von SONOKOLLEG die praktischen \u00dcbungen in mehreren DEGUM- bzw. KV- zertifizierten Kursen f\u00fcr die Anwendungsbereiche \u201eS\u00e4uglingsh\u00fcfte\u201c und \u201eGehirn-R\u00fcckenmark\u201c erfolgreich durchgef\u00fchrt. Die Teilnehmenden bewerteten das Arbeiten mit den Ger\u00e4ten und an den Puppen als spannend, bildtechnisch sehr gut sowie als \u00e4u\u00dferst geeignete Alternative zu den Untersuchungen an lebenden Kindern. Hervorgehoben wurde auch der Vorteil der entspannten Untersuchungssituation, die es erlaubt, sich ohne \u201eSt\u00f6rungen\u201c auf die Einstellungen und die Bildstrukturen konzentrieren zu&hellip;<\/p>\n<p> <a class=\"more-link\" href=\"https:\/\/schallware-ultrasound-simulator.de\/simulationstage\/paediatrie-winter-berlin\/\">Weiterlesen<\/a><\/p>\n","protected":false},"author":1,"featured_media":109,"parent":0,"menu_order":0,"comment_status":"closed","ping_status":"closed","template":"","meta":{"pgc_sgb_lightbox_settings":"","footnotes":""},"class_list":["post-62","page","type-page","status-publish","has-post-thumbnail"],"_links":{"self":[{"href":"https:\/\/schallware-ultrasound-simulator.de\/simulationstage\/wp-json\/wp\/v2\/pages\/62","targetHints":{"allow":["GET"]}}],"collection":[{"href":"https:\/\/schallware-ultrasound-simulator.de\/simulationstage\/wp-json\/wp\/v2\/pages"}],"about":[{"href":"https:\/\/schallware-ultrasound-simulator.de\/simulationstage\/wp-json\/wp\/v2\/types\/page"}],"author":[{"embeddable":true,"href":"https:\/\/schallware-ultrasound-simulator.de\/simulationstage\/wp-json\/wp\/v2\/users\/1"}],"replies":[{"embeddable":true,"href":"https:\/\/schallware-ultrasound-simulator.de\/simulationstage\/wp-json\/wp\/v2\/comments?post=62"}],"version-history":[{"count":11,"href":"https:\/\/schallware-ultrasound-simulator.de\/simulationstage\/wp-json\/wp\/v2\/pages\/62\/revisions"}],"predecessor-version":[{"id":843,"href":"https:\/\/schallware-ultrasound-simulator.de\/simulationstage\/wp-json\/wp\/v2\/pages\/62\/revisions\/843"}],"wp:featuredmedia":[{"embeddable":true,"href":"https:\/\/schallware-ultrasound-simulator.de\/simulationstage\/wp-json\/wp\/v2\/media\/109"}],"wp:attachment":[{"href":"https:\/\/schallware-ultrasound-simulator.de\/simulationstage\/wp-json\/wp\/v2\/media?parent=62"}],"curies":[{"name":"wp","href":"https:\/\/api.w.org\/{rel}","templated":true}]}}