{"id":154,"date":"2023-08-23T11:35:02","date_gmt":"2023-08-23T09:35:02","guid":{"rendered":"https:\/\/schallware-ultrasound-simulator.de\/simulationstage\/?page_id=154"},"modified":"2023-12-22T17:57:53","modified_gmt":"2023-12-22T16:57:53","slug":"einsteigerkurs-transoesophageale-echokardiografie-teepaediatrie_winter_berlin","status":"publish","type":"page","link":"https:\/\/schallware-ultrasound-simulator.de\/simulationstage\/einsteigerkurs-transoesophageale-echokardiografie-teepaediatrie_winter_berlin\/","title":{"rendered":"Einsteigerkurs trans\u00f6sophageale Echokardiografie (TEE)"},"content":{"rendered":"\n<div class=\"wp-block-columns has-background is-layout-flex wp-container-core-columns-is-layout-9d6595d7 wp-block-columns-is-layout-flex\" style=\"background-color:#0537474d\">\n<div class=\"wp-block-column is-vertically-aligned-center is-layout-flow wp-block-column-is-layout-flow\" style=\"flex-basis:100%\">\n<h3 class=\"wp-block-heading\"><strong>Wissenschaftliche Leitung:<\/strong><\/h3>\n\n\n\n<p>Frau Dr. med. Tanja K\u00fccken<br><\/p>\n\n\n\n<p>DEGUM 3 Universit\u00e4tsklinikum der Medizinischen Hochschule Brandenburg Theodor Fontane, Immanuel Klinikum Bernau Herzzentrum Brandenburg<br>und TutorInnen<\/p>\n\n\n\n<p><br><\/p>\n<\/div>\n<\/div>\n\n\n\n<div class=\"wp-block-columns is-layout-flex wp-container-core-columns-is-layout-9d6595d7 wp-block-columns-is-layout-flex\">\n<div class=\"wp-block-column is-layout-flow wp-block-column-is-layout-flow\">\n<h2 class=\"wp-block-heading\">Beschreibung<\/h2>\n<\/div>\n\n\n\n<div class=\"wp-block-column is-layout-flow wp-block-column-is-layout-flow\">\n<div class=\"wp-block-buttons is-content-justification-center is-layout-flex wp-container-core-buttons-is-layout-16018d1d wp-block-buttons-is-layout-flex\">\n<div class=\"wp-block-button has-custom-font-size has-medium-font-size\"><a class=\"wp-block-button__link has-white-color has-text-color has-background wp-element-button\" href=\"https:\/\/www.schallware.de\/rental\/834\" style=\"background-color:#053647\" target=\"_blank\" rel=\"noreferrer noopener\">Anmeldung<\/a><\/div>\n<\/div>\n<\/div>\n<\/div>\n\n\n\n<p>Ziel des Kurses ist es, Teilnehmer*innen ohne oder mit sporadischer Erfahrung den Einstieg in die trans\u00f6sophageale Ultraschalluntersuchung des Herzens zu erleichtern. Sinnvolle Untersuchungsstrategien mit Erl\u00e4uterung der Ger\u00e4tefunktionen sowohl am Simulator und als auch am Echopac Auswertungsprogramm werden vorgestellt. Befundterminologie und anatomische Grundlagen werden im ersten Kursteil gekl\u00e4rt.<br>In dem zweiten Kursabschnitt werden die einzelnen Klappenvitien erl\u00e4utert und beurteilt sowie klassische Indikationen zur trans\u00f6sophagealen Echokardiografie besprochen (Aortenklappenstenose, Mitralklappeninsuffizienz, LAA Beurteilung, Endokarditis).<br>Ein Gro\u00dfteil des Kurses soll mit praktischen \u00dcbungen am Simulator mit Handling der TEE Sonde ge\u00fcbt werden. Vermessungen und Vitienevaluation erfolgt am Echopac. Es wird auf eine kleine Gruppe mit hohem Anteil an praktischen \u00dcbungen unter Tutorenanleitung geachtet.<\/p>\n\n\n\n<p>nen!<\/p>\n\n\n\n<h2 class=\"wp-block-heading\">Zeitplan<\/h2>\n\n\n\n<div class=\"wp-block-columns is-layout-flex wp-container-core-columns-is-layout-9d6595d7 wp-block-columns-is-layout-flex\">\n<div class=\"wp-block-column has-white-color has-text-color has-background is-layout-flow wp-block-column-is-layout-flow\" style=\"background-color:#0537479c\">\n<h3 class=\"wp-block-heading has-text-align-center has-white-color has-text-color\">Tag 1<\/h3>\n\n\n\n<div class=\"wp-block-columns is-layout-flex wp-container-core-columns-is-layout-9d6595d7 wp-block-columns-is-layout-flex\">\n<div class=\"wp-block-column is-layout-flow wp-block-column-is-layout-flow\" style=\"flex-basis:2%\"><\/div>\n\n\n\n<div class=\"wp-block-column is-layout-flow wp-block-column-is-layout-flow\">\n<p>15:00-16:00 Klassische Anlotungen\/Anatomie<br>16:00-16:30 Untersuchungsablauf<br>16:30-16:40 Pause<br>16:40-18:10 Praktische \u00dcbung\/ Einf\u00fchrung in die Simulatoren<br>(Einstellung aller klassischen Anlotungen an verschiedenen Patientenbeispielen)<br>18:10-18:25 Pause<br>18:25-20:00 Andere Anlotungen<\/p>\n\n\n\n<p><\/p>\n<\/div>\n\n\n\n<div class=\"wp-block-column is-layout-flow wp-block-column-is-layout-flow\" style=\"flex-basis:2%\"><\/div>\n<\/div>\n<\/div>\n\n\n\n<div class=\"wp-block-column has-white-color has-text-color has-background is-layout-flow wp-block-column-is-layout-flow\" style=\"background-color:#053747e6\">\n<h3 class=\"wp-block-heading has-text-align-center has-white-color has-text-color\">Tag 2<\/h3>\n\n\n\n<div class=\"wp-block-columns is-layout-flex wp-container-core-columns-is-layout-9d6595d7 wp-block-columns-is-layout-flex\">\n<div class=\"wp-block-column is-layout-flow wp-block-column-is-layout-flow\" style=\"flex-basis:2%\"><\/div>\n\n\n\n<div class=\"wp-block-column is-layout-flow wp-block-column-is-layout-flow\">\n<p>15:00-16:00 Beurteilung der Aortenklappe mit praktischer \u00dcbung<br>16:00-17:00 Beurteilung der Mitralklappe mit praktischer \u00dcbung<br>17:00-17:20 Pause<br>17:20-18:50 Beurteilung des Vorhofohres mit praktischer \u00dcbungen<br>Pause<br>19:00-20:00 Endokarditis mit Fallbesprechungen und \u00dcbungen<\/p>\n<\/div>\n\n\n\n<div class=\"wp-block-column is-layout-flow wp-block-column-is-layout-flow\" style=\"flex-basis:2%\"><\/div>\n<\/div>\n<\/div>\n<\/div>\n\n\n\n<div style=\"height:25px\" aria-hidden=\"true\" class=\"wp-block-spacer\"><\/div>\n\n\n\n<div class=\"wp-block-columns is-layout-flex wp-container-core-columns-is-layout-9d6595d7 wp-block-columns-is-layout-flex\">\n<div class=\"wp-block-column is-layout-flow wp-block-column-is-layout-flow\">\n<h2 class=\"wp-block-heading\">Preis<\/h2>\n\n\n\n<p>990,00 \u20ac inkl. MwSt.<\/p>\n<\/div>\n\n\n\n<div class=\"wp-block-column is-vertically-aligned-center is-layout-flow wp-block-column-is-layout-flow\">\n<div class=\"wp-block-buttons is-content-justification-right is-layout-flex wp-container-core-buttons-is-layout-765c4724 wp-block-buttons-is-layout-flex\">\n<div class=\"wp-block-button has-custom-font-size is-style-outline has-small-font-size is-style-outline--1\"><a class=\"wp-block-button__link wp-element-button\" href=\"https:\/\/www.schallware.de\/rental\/834\/flyer.pdf\" target=\"_blank\" rel=\"noreferrer noopener\">Flyer zum Download<\/a><\/div>\n<\/div>\n<\/div>\n<\/div>\n\n\n\n<div class=\"wp-block-buttons is-content-justification-center is-layout-flex wp-container-core-buttons-is-layout-16018d1d wp-block-buttons-is-layout-flex\">\n<div class=\"wp-block-button has-custom-font-size has-medium-font-size\"><a class=\"wp-block-button__link has-white-color has-text-color has-background wp-element-button\" href=\"https:\/\/www.schallware.de\/rental\/834\" style=\"background-color:#053647\" target=\"_blank\" rel=\"noreferrer noopener\">Anmeldung<\/a><\/div>\n<\/div>\n","protected":false},"excerpt":{"rendered":"<p>Wissenschaftliche Leitung: Frau Dr. med. Tanja K\u00fccken DEGUM 3 Universit\u00e4tsklinikum der Medizinischen Hochschule Brandenburg Theodor Fontane, Immanuel Klinikum Bernau Herzzentrum Brandenburgund TutorInnen Beschreibung Ziel des Kurses ist es, Teilnehmer*innen ohne oder mit sporadischer Erfahrung den Einstieg in die trans\u00f6sophageale Ultraschalluntersuchung des Herzens zu erleichtern. Sinnvolle Untersuchungsstrategien mit Erl\u00e4uterung der Ger\u00e4tefunktionen sowohl am Simulator und als auch am Echopac Auswertungsprogramm werden vorgestellt. Befundterminologie und anatomische Grundlagen werden im ersten Kursteil gekl\u00e4rt.In dem zweiten Kursabschnitt werden die einzelnen Klappenvitien erl\u00e4utert und beurteilt sowie klassische Indikationen zur trans\u00f6sophagealen Echokardiografie besprochen (Aortenklappenstenose, Mitralklappeninsuffizienz, LAA Beurteilung, Endokarditis).Ein Gro\u00dfteil des Kurses soll mit praktischen \u00dcbungen am Simulator mit Handling der TEE Sonde ge\u00fcbt werden. Vermessungen und Vitienevaluation erfolgt am Echopac. Es wird auf eine kleine Gruppe mit hohem Anteil an praktischen \u00dcbungen unter Tutorenanleitung geachtet. nen! Zeitplan Tag 1 15:00-16:00 Klassische Anlotungen\/Anatomie16:00-16:30 Untersuchungsablauf16:30-16:40 Pause16:40-18:10 Praktische \u00dcbung\/ Einf\u00fchrung in die Simulatoren(Einstellung aller klassischen Anlotungen an verschiedenen Patientenbeispielen)18:10-18:25&hellip;<\/p>\n<p> <a class=\"more-link\" href=\"https:\/\/schallware-ultrasound-simulator.de\/simulationstage\/einsteigerkurs-transoesophageale-echokardiografie-teepaediatrie_winter_berlin\/\">Weiterlesen<\/a><\/p>\n","protected":false},"author":1,"featured_media":111,"parent":0,"menu_order":0,"comment_status":"closed","ping_status":"closed","template":"","meta":{"pgc_sgb_lightbox_settings":"","footnotes":""},"class_list":["post-154","page","type-page","status-publish","has-post-thumbnail"],"_links":{"self":[{"href":"https:\/\/schallware-ultrasound-simulator.de\/simulationstage\/wp-json\/wp\/v2\/pages\/154","targetHints":{"allow":["GET"]}}],"collection":[{"href":"https:\/\/schallware-ultrasound-simulator.de\/simulationstage\/wp-json\/wp\/v2\/pages"}],"about":[{"href":"https:\/\/schallware-ultrasound-simulator.de\/simulationstage\/wp-json\/wp\/v2\/types\/page"}],"author":[{"embeddable":true,"href":"https:\/\/schallware-ultrasound-simulator.de\/simulationstage\/wp-json\/wp\/v2\/users\/1"}],"replies":[{"embeddable":true,"href":"https:\/\/schallware-ultrasound-simulator.de\/simulationstage\/wp-json\/wp\/v2\/comments?post=154"}],"version-history":[{"count":9,"href":"https:\/\/schallware-ultrasound-simulator.de\/simulationstage\/wp-json\/wp\/v2\/pages\/154\/revisions"}],"predecessor-version":[{"id":749,"href":"https:\/\/schallware-ultrasound-simulator.de\/simulationstage\/wp-json\/wp\/v2\/pages\/154\/revisions\/749"}],"wp:featuredmedia":[{"embeddable":true,"href":"https:\/\/schallware-ultrasound-simulator.de\/simulationstage\/wp-json\/wp\/v2\/media\/111"}],"wp:attachment":[{"href":"https:\/\/schallware-ultrasound-simulator.de\/simulationstage\/wp-json\/wp\/v2\/media?parent=154"}],"curies":[{"name":"wp","href":"https:\/\/api.w.org\/{rel}","templated":true}]}}